18
In base 2, what is -1001 - 1100?
-10101
In base 11, what is 1 + 2a0?
2a1
In base 16, what is -1 + 1d1?
1d0
In base 16, what is -3 + 10?
d
In base 5, what is 1221 - 201?
1020
In base 5, what is 343 - 10?
333
In base 2, what is 11011 + -110?
10101
In base 10, what is 22095 - 4?
22091
In base 15, what is 7 - -67?
6e
In base 15, what is 25 + 69?
8e
In base 9, what is 121 - 158?
-37
In base 13, what is -39c3 - 3?
-39c6
In base 11, what is -57a - -3?
-577
In base 4, what is 3110 + 11?
3121
In base 8, what is 26 + -11?
15
In base 16, what is 3 - -39?
3c
In base 13, what is 3a - -72?
ac
In base 3, what is 121 + 210012?
210210
In base 6, what is -104 + -3?
-111
In base 3, what is -202222 + -10?
-210002
In base 9, what is 5 - -61?
66
In base 8, what is 0 - -55?
55
In base 10, what is 1643 + -2?
1641
In base 9, what is -40 - 4?
-44
In base 8, what is -32 - -100?
46
In base 15, what is 754 + e?
763
In base 6, what is -34111 + 4?
-34103
In base 5, what is -222 + 304?
32
In base 14, what is -4 + 79?
75
In base 4, what is 2 - -23?
31
In base 4, what is -1103 + -1?
-1110
In base 8, what is -3 - 35?
-40
In base 12, what is 3 + -64?
-61
In base 6, what is -1 + 3014?
3013
In base 9, what is -1 + -114?
-115
In base 4, what is -132 + -3033?
-3231
In base 14, what is 4 + 26?
2a
In base 6, what is 451143 - 5?
451134
In base 11, what is 6 - 22?
-17
In base 13, what is 418 - -1?
419
In base 6, what is -1 - 253?
-254
In base 3, what is 2122022 + -1?
2122021
In base 8, what is 16 + 1?
17
In base 14, what is 6 - -11?
17
In base 13, what is -b + -63?
-71
In base 9, what is -154 + 100?
-54
In base 10, what is -19572 - -2?
-19570
In base 13, what is 7 - 12?
-8
In base 9, what is -34 - -203?
158
In base 9, what is -10 + -3?
-13
In base 9, what is 25 + -17?
7
In base 7, what is -16 - -163?
144
In base 6, what is 4 + 235?
243
In base 5, what is 240120 + 2?
240122
In base 3, what is -12 + 1021200?
1021111
In base 10, what is 26 - 8?
18
In base 13, what is 4a - -20?
6a
In base 12, what is 3a3 + 4?
3a7
In base 12, what is 1 - 161?
-160
In base 16, what is 15 + 13a?
14f
In base 7, what is -1126 - -26?
-1100
In base 5, what is -1422 - -1041?
-331
In base 13, what is 356 + -1a?
339
In base 7, what is 54 - 45?
6
In base 16, what is 3 + 56?
59
In base 11, what is 22 - -13?
35
In base 14, what is -27 - 16?
-3d
In base 12, what is -6 - -2?
-4
In base 15, what is -81 + 1?
-80
In base 6, what is 200 - 31?
125
In base 11, what is -56 - -6?
-50
In base 16, what is 4 + 24?
28
In base 2, what is 1010 - -1010011011?
1010100101
In base 13, what is 165a6 - 4?
165a2
In base 10, what is 224 + -5?
219
In base 4, what is 33 + 120?
213
In base 12, what is 7 + 18?
23
In base 2, what is 101 + 11111100101?
11111101010
In base 13, what is 7 - -1189?
1193
In base 10, what is 17 + 615?
632
In base 12, what is 5 + -3968?
-3963
In base 2, what is -1010110 - 100?
-1011010
In base 12, what is -51 + 6?
-47
In base 3, what is 12 + 210020?
210102
In base 9, what is -4 - -55?
51
In base 9, what is 4 - -8352?
8356
In base 9, what is 23 + -52?
-28
In base 3, what is 1020 - 10?
1010
In base 5, what is 1132 - -133?
1320
In base 11, what is -96 + 0?
-96
In base 14, what is 1 + -488?
-487
In base 13, what is -286 - -24?
-262
In base 6, what is -13 - 111?
-124
In base 13, what is -a4 + 3?
-a1
In base 5, what is 14 - -20?
34
In base 11, what is -4 - 4?
-8
In base 10, what is 27 - -45?
72
In base 4, what is 10 - 2230?
-2220
In base 14, what is -137 + 6?
-131
In base 14, what is 5 + -152?
-14b
In base 5, what is 4321 - 10?
4311
In base 7, what is 6 + -2?
4
In base 4, what is -23212 - -30?
-23122
In base 13, what is -191 + -3?
-194
In base 6, what is -23 - -11?
-12
In base 11, what is -5 - -37?
32
In base 8, what is 0 + 5073?
5073
In base 10, what is 6 - -7?
13
In base 14, what is 15 + -1?
14
In base 9, what is 5 - 41?
-35
In base 12, what is 9 + -202?
-1b5
In base 6, what is 0 + -201?
-201
In base 10, what is 4 + -300?
-296
In base 16, what is 3 + -32?
-2f
In base 6, what is -1 + 1110?
1105
In base 15, what is -4 + 13d?
139
In base 11, what is 30a9 + 3?
3101
In base 9, what is 2 - 1621?
-1618
In base 5, what is 0 + 102013?
102013
In base 15, what is -1 - -100?
ee
In base 8, what is -2 + -34?
-36
In base 8, what is -23211 + 1?
-23210
In base 14, what is -6 + -140?
-146
In base 2, what is -111111 - 10000?
-1001111
In base 11, what is -27 - -53?
27
In base 15, what is -2 + -8?
-a
In base 14, what is -3 + -35?
-38
In base 9, what is -424 - -5?
-418
In base 10, what is 12 + 35?
47
In base 6, what is 4 - 102?
-54
In base 7, what is 422 - -3?
425
In base 6, what is 4 - -1421?
1425
In base 15, what is -103 + -2c?
-130
In base 13, what is 2 + -70?
-6b
In base 5, what is -3 + 12431?
12423
In base 11, what is 410 - 4?
407
In base 3, what is -11 - 11002?
-11020
In base 13, what is -3 - -402?
3cc
In base 7, what is -36 + -436?
-505
In base 12, what is -31 - -2?
-2b
In base 2, what is -110100101 + 11010?
-110001011
In base 13, what is 1 + -b?
-a
In base 15, what is 37 - e?
28
In base 6, what is -3 - 24?
-31
In base 13, what is 1b + 1?
1c
In base 15, what is -1b5a + 0?
-1b5a
In base 3, what is -2012 - 10100?
-12112
In base 11, what is -57 + 43?
-14
In base 5, what is -340 + -1?
-341
In base 7, what is -1 + 13236?
13235
In base 8, what is 34 + 0?
34
In base 8, what is 12 + 167?
201
In base 4, what is 133 + 123?
322
In base 15, what is -13 + -6?
-19
In base 13, what is 191 + -1?
190
In base 3, what is 201 + -11?
120
In base 6, what is -10353 - 1?
-10354
In base 15, what is -9 - c?
-16
In base 12, what is -120b + -2?
-1211
In base 15, what is 1cb - 8?
1c3
In base 4, what is 10 + -1030?
-1020
In base 15, what is 35 - -1a?
50
In base 7, what is -1 + -10062?
-10063
In base 12, what is -801 - -1?
-800
In base 6, what is -21 - -11?
-10
In base 7, what is 514 - 5?
506
In base 10, what is 33 + -332?
-299
In base 16, what is 1ce + -5?
1c9
In base 7, what is -450 + -12?
-462
In base 9, what is -44 + -2?
-46
In base 13, what is 3 - 0?
3
In base 3, what is -11101 - -2?
-11022
In base 4, what is 1 + -10033?
-10032
In base 14, what is -5 + 15d?
158
In base 5, what is -123 - 2422?
-3100
In base 13, what is -1 + 9?
8
In base 14, what is -1 - 353?
-354
In base 8, what is -4 + -11?
-15
In base 12, what is -b1 + -1?
-b2
In base 8, what is 125275 - 3?
125272
In base 16, what is 4 - -315?
319
In base 2, what is -1101001 + 1000?
-1100001
In base 13, what is 10 - 18?
-8
In base 16, what is -a - -35?
2b
In base 3, what is -2 + 101?
22
In base 16, what is -9 - -15c?
153
In base 15, what is dc + 3?
e0
In base 8, what is 5 - 11715?
-11710
In base 5, what is 1 + 432?
433
In base 6, what is 20453 - 4?
20445
In base 12, what is 1171 - -3?
1174
In base 4, what is -2 - 110213?
-110221
In base 16, what is -4 + 111f?
111b
In base 7, what is -54 - 464?
-551
In base 13, what is -3 + -1b?
-21
In base 11, what is -710 - -2?
-709
In base 9, what is 20344 + 2?
20346
In base 10, what is -13 + 69?
56
In base 6, what is 34 + -334?
-300
In base 6, what is 34314 - -3?
34321
In base 10, what is -130 + 5?
-125
In base 12, what is 1 + -2785?
-2784
In base 12, what is 11 - 2?
b
In base 10, what is 2 + -190?
-188
In base 16, what is -24 - -d9?
b5
In base 15, what is -1c2 + -1?
-1c3
In base 16, what is -1fd - -a?
-1f3
In base 5, what is -42 - -32?
-10
In base 10, what is 732 - -2?
734
In base 4, what is -220 - 222?
-1102
In base 11, what is 6 + 381?
387
In base 12, what is 0 + -1a8?
-1a8
In base 4, what is 2 - -33?
101
In base 7, what is -613 - 3?
-616
In base 4, what is -3 - 3003?
-3012
In base 3, what is -120 - -1002?
112
In base 14, what is c - -18?
26
In base 2, what is 101 + 100?
1001
In base 14, what is -43 - d?
-52
In base 13, what is 21 - -4?
25
In base 11, what is 5 + 2?
7
In base 10, what is -447 + -32?
-479
In base 7, what is -3353 - -2?
-3351
In base 9, what is 2 - -36?
38
In base 7, what is -3 - 554?
-560
In base 13, what is 3b72 + -4?
3b6b
In base 3, what is 202 - 10?
122
In base 4, what is 10 + 2112?
2122
In base 14, what is 30 - -4?
34
In base 9, what is 102 - 27?
64
In base 16, what is 0 - c02?
-c02
In base 8, what is 7 + -11?
-2
In base 4, what is -313 - -32?
-221
In base 4, what is 2111 - -2?
2113
In base 2, what is 100101000 + -1?
100100111
In base 2, what is 11 